{"id":38,"date":"2016-11-13T20:29:53","date_gmt":"2016-11-13T19:29:53","guid":{"rendered":"https:\/\/chorgemeinschaft-hittisau.at\/Chor_Hittisau\/?page_id=38"},"modified":"2025-11-02T20:54:55","modified_gmt":"2025-11-02T19:54:55","slug":"chorleiter","status":"publish","type":"page","link":"https:\/\/chorgemeinschaft-hittisau.at\/Chor_Hittisau\/chorleiter\/","title":{"rendered":"ChorleiterInnen"},"content":{"rendered":"<section class=\"l-section wpb_row us_custom_04e7aa0a height_medium\"><div class=\"l-section-h i-cf\"><div class=\"g-cols vc_row via_flex valign_top type_default stacking_default\"><div class=\"vc_col-sm-12 wpb_column vc_column_container\"><div class=\"vc_column-inner\"><div class=\"wpb_wrapper\"><div class=\"wpb_text_column\"><div class=\"wpb_wrapper\"><h2>Chorleiter<\/h2>\n<hr class=\"style1\" \/>\n<\/div><\/div><\/div><\/div><\/div><\/div><\/div><\/section><section class=\"l-section wpb_row us_custom_1f64da91 height_medium\"><div class=\"l-section-h i-cf\"><div class=\"g-cols vc_row via_flex valign_top type_default stacking_default\"><div class=\"vc_col-sm-12 wpb_column vc_column_container\"><div class=\"vc_column-inner\"><div class=\"wpb_wrapper\"><div class=\"smile-icon-timeline-wrap csstime   \"  data-time_sep_bg_color=&quot;#1E73BE&quot;   style=\"\"><div class=\"timeline-line \" style=\"border-right-color:;\"><span><\/span><\/div><div class=\"timeline-wrapper\"><div class=\"timeline-block \"><div class=\"timeline-dot\"><\/div><div class=\"ult-timeline-arrow\"><s><\/s><l><\/l><\/div><div class=\"timeline-icon-block\"><div class=\"ult-timeline-icon \" style=\"   \"><div class=\"ult-just-icon-wrapper  \"><div class=\"align-icon\" style=\"text-align:center;\">\n<div class=\"aio-icon circle \"  style=\"color:#de5034;background:#ffffff;font-size:32px;display:inline-block;\">\n\t<i class=\"defaults-music\"><\/i>\n<\/div><\/div><\/div><\/div> <!-- icon --><\/div><div class=\"timeline-header-block\" >\n\t\t\t\t\t\t\t<div id=\"timeline-item-4942\" class=\"timeline-header\" style=\"\"><h3 class=\"ult-timeline-title ult-responsive\"  data-ultimate-target='#timeline-item-4942 .ult-timeline-title'  data-responsive-json-new='{\"font-size\":\"\",\"line-height\":\"\"}'  style=\"\">1965 - 1976<\/h3><div class=\"ult-responsive timeline-item-spt\"  data-ultimate-target='#timeline-item-4942 .timeline-item-spt'  data-responsive-json-new='{\"font-size\":\"\",\"line-height\":\"\"}'  style=\"\">Wolfgang Schw\u00e4rzler, Platz<\/div><\/div> <!-- header --><\/div><\/div><div class=\"timeline-block \"><div class=\"timeline-dot\"><\/div><div class=\"ult-timeline-arrow\"><s><\/s><l><\/l><\/div><div class=\"timeline-icon-block\"><div class=\"ult-timeline-icon \" style=\"   \"><div class=\"ult-just-icon-wrapper  \"><div class=\"align-icon\" style=\"text-align:center;\">\n<div class=\"aio-icon circle \"  style=\"color:#de5034;background:#ffffff;font-size:32px;display:inline-block;\">\n\t<i class=\"defaults-music\"><\/i>\n<\/div><\/div><\/div><\/div> <!-- icon --><\/div><div class=\"timeline-header-block\" >\n\t\t\t\t\t\t\t<div id=\"timeline-item-3846\" class=\"timeline-header\" style=\"\"><h3 class=\"ult-timeline-title ult-responsive\"  data-ultimate-target='#timeline-item-3846 .ult-timeline-title'  data-responsive-json-new='{\"font-size\":\"\",\"line-height\":\"\"}'  style=\"\">1976 - 1976<\/h3><div class=\"ult-responsive timeline-item-spt\"  data-ultimate-target='#timeline-item-3846 .timeline-item-spt'  data-responsive-json-new='{\"font-size\":\"\",\"line-height\":\"\"}'  style=\"\">Max Giselbrecht, Lingenau<\/div><\/div> <!-- header --><\/div><\/div><div class=\"timeline-block \"><div class=\"timeline-dot\"><\/div><div class=\"ult-timeline-arrow\"><s><\/s><l><\/l><\/div><div class=\"timeline-icon-block\"><div class=\"ult-timeline-icon \" style=\"   \"><div class=\"ult-just-icon-wrapper  \"><div class=\"align-icon\" style=\"text-align:center;\">\n<div class=\"aio-icon circle \"  style=\"color:#de5034;background:#ffffff;font-size:32px;display:inline-block;\">\n\t<i class=\"defaults-music\"><\/i>\n<\/div><\/div><\/div><\/div> <!-- icon --><\/div><div class=\"timeline-header-block\" >\n\t\t\t\t\t\t\t<div id=\"timeline-item-2714\" class=\"timeline-header\" style=\"\"><h3 class=\"ult-timeline-title ult-responsive\"  data-ultimate-target='#timeline-item-2714 .ult-timeline-title'  data-responsive-json-new='{\"font-size\":\"\",\"line-height\":\"\"}'  style=\"\">1976 - 1984<\/h3><div class=\"ult-responsive timeline-item-spt\"  data-ultimate-target='#timeline-item-2714 .timeline-item-spt'  data-responsive-json-new='{\"font-size\":\"\",\"line-height\":\"\"}'  style=\"\">Wolfgang Schw\u00e4rzler, Platz<\/div><\/div> <!-- header --><\/div><\/div><div class=\"timeline-block \"><div class=\"timeline-dot\"><\/div><div class=\"ult-timeline-arrow\"><s><\/s><l><\/l><\/div><div class=\"timeline-icon-block\"><div class=\"ult-timeline-icon \" style=\"   \"><div class=\"ult-just-icon-wrapper  \"><div class=\"align-icon\" style=\"text-align:center;\">\n<div class=\"aio-icon circle \"  style=\"color:#de5034;background:#ffffff;font-size:32px;display:inline-block;\">\n\t<i class=\"defaults-music\"><\/i>\n<\/div><\/div><\/div><\/div> <!-- icon --><\/div><div class=\"timeline-header-block\" >\n\t\t\t\t\t\t\t<div id=\"timeline-item-7080\" class=\"timeline-header\" style=\"\"><h3 class=\"ult-timeline-title ult-responsive\"  data-ultimate-target='#timeline-item-7080 .ult-timeline-title'  data-responsive-json-new='{\"font-size\":\"\",\"line-height\":\"\"}'  style=\"\">1984 - 1988<\/h3><div class=\"ult-responsive timeline-item-spt\"  data-ultimate-target='#timeline-item-7080 .timeline-item-spt'  data-responsive-json-new='{\"font-size\":\"\",\"line-height\":\"\"}'  style=\"\">Max Giselbrecht, Lingenau<\/div><\/div> <!-- header --><\/div><\/div><div class=\"timeline-block \"><div class=\"timeline-dot\"><\/div><div class=\"ult-timeline-arrow\"><s><\/s><l><\/l><\/div><div class=\"timeline-icon-block\"><div class=\"ult-timeline-icon \" style=\"   \"><div class=\"ult-just-icon-wrapper  \"><div class=\"align-icon\" style=\"text-align:center;\">\n<div class=\"aio-icon circle \"  style=\"color:#de5034;background:#ffffff;font-size:32px;display:inline-block;\">\n\t<i class=\"defaults-music\"><\/i>\n<\/div><\/div><\/div><\/div> <!-- icon --><\/div><div class=\"timeline-header-block\" >\n\t\t\t\t\t\t\t<div id=\"timeline-item-5755\" class=\"timeline-header\" style=\"\"><h3 class=\"ult-timeline-title ult-responsive\"  data-ultimate-target='#timeline-item-5755 .ult-timeline-title'  data-responsive-json-new='{\"font-size\":\"\",\"line-height\":\"\"}'  style=\"\">1988 - 1994<\/h3><div class=\"ult-responsive timeline-item-spt\"  data-ultimate-target='#timeline-item-5755 .timeline-item-spt'  data-responsive-json-new='{\"font-size\":\"\",\"line-height\":\"\"}'  style=\"\">Wolfgang Schw\u00e4rzler, Platz &#8211; Egg<\/div><\/div> <!-- header --><\/div><\/div><div class=\"timeline-block \"><div class=\"timeline-dot\"><\/div><div class=\"ult-timeline-arrow\"><s><\/s><l><\/l><\/div><div class=\"timeline-icon-block\"><div class=\"ult-timeline-icon \" style=\"   \"><div class=\"ult-just-icon-wrapper  \"><div class=\"align-icon\" style=\"text-align:center;\">\n<div class=\"aio-icon circle \"  style=\"color:#de5034;background:#ffffff;font-size:32px;display:inline-block;\">\n\t<i class=\"defaults-music\"><\/i>\n<\/div><\/div><\/div><\/div> <!-- icon --><\/div><div class=\"timeline-header-block\" >\n\t\t\t\t\t\t\t<div id=\"timeline-item-7841\" class=\"timeline-header\" style=\"\"><h3 class=\"ult-timeline-title ult-responsive\"  data-ultimate-target='#timeline-item-7841 .ult-timeline-title'  data-responsive-json-new='{\"font-size\":\"\",\"line-height\":\"\"}'  style=\"\">1994 - 2000<\/h3><div class=\"ult-responsive timeline-item-spt\"  data-ultimate-target='#timeline-item-7841 .timeline-item-spt'  data-responsive-json-new='{\"font-size\":\"\",\"line-height\":\"\"}'  style=\"\">Manfred Bischof, Bezau<\/div><\/div> <!-- header --><\/div><\/div><div class=\"timeline-block \"><div class=\"timeline-dot\"><\/div><div class=\"ult-timeline-arrow\"><s><\/s><l><\/l><\/div><div class=\"timeline-icon-block\"><div class=\"ult-timeline-icon \" style=\"   \"><div class=\"ult-just-icon-wrapper  \"><div class=\"align-icon\" style=\"text-align:center;\">\n<div class=\"aio-icon circle \"  style=\"color:#de5034;background:#ffffff;font-size:32px;display:inline-block;\">\n\t<i class=\"defaults-music\"><\/i>\n<\/div><\/div><\/div><\/div> <!-- icon --><\/div><div class=\"timeline-header-block\" >\n\t\t\t\t\t\t\t<div id=\"timeline-item-6213\" class=\"timeline-header\" style=\"\"><h3 class=\"ult-timeline-title ult-responsive\"  data-ultimate-target='#timeline-item-6213 .ult-timeline-title'  data-responsive-json-new='{\"font-size\":\"\",\"line-height\":\"\"}'  style=\"\">2000 - 2017<\/h3><div class=\"ult-responsive timeline-item-spt\"  data-ultimate-target='#timeline-item-6213 .timeline-item-spt'  data-responsive-json-new='{\"font-size\":\"\",\"line-height\":\"\"}'  style=\"\">Melchior Schw\u00e4rzler, Tannen<\/div><\/div> <!-- header --><\/div><\/div><div class=\"timeline-block \"><div class=\"timeline-dot\"><\/div><div class=\"ult-timeline-arrow\"><s><\/s><l><\/l><\/div><div class=\"timeline-icon-block\"><div class=\"ult-timeline-icon \" style=\"   \"><div class=\"ult-just-icon-wrapper  \"><div class=\"align-icon\" style=\"text-align:center;\">\n<div class=\"aio-icon circle \"  style=\"color:#de5034;background:#ffffff;font-size:32px;display:inline-block;\">\n\t<i class=\"defaults-music\"><\/i>\n<\/div><\/div><\/div><\/div> <!-- icon --><\/div><div class=\"timeline-header-block\" >\n\t\t\t\t\t\t\t<div id=\"timeline-item-9636\" class=\"timeline-header\" style=\"\"><h3 class=\"ult-timeline-title ult-responsive\"  data-ultimate-target='#timeline-item-9636 .ult-timeline-title'  data-responsive-json-new='{\"font-size\":\"\",\"line-height\":\"\"}'  style=\"\">2018 - 2025<\/h3><div class=\"ult-responsive timeline-item-spt\"  data-ultimate-target='#timeline-item-9636 .timeline-item-spt'  data-responsive-json-new='{\"font-size\":\"\",\"line-height\":\"\"}'  style=\"\">Martina Gell, Banholz<\/p>\n<p>Doris dall&#8217;Armi, Platz<\/div><\/div> <!-- header --><\/div><\/div><div class=\"timeline-block \"><div class=\"timeline-dot\"><\/div><div class=\"ult-timeline-arrow\"><s><\/s><l><\/l><\/div><div class=\"timeline-icon-block\"><div class=\"ult-timeline-icon \" style=\"   \"><div class=\"ult-just-icon-wrapper  \"><div class=\"align-icon\" style=\"text-align:center;\">\n<div class=\"aio-icon circle \"  style=\"color:#de5034;background:#ffffff;font-size:32px;display:inline-block;\">\n\t<i class=\"defaults-music\"><\/i>\n<\/div><\/div><\/div><\/div> <!-- icon --><\/div><div class=\"timeline-header-block\" >\n\t\t\t\t\t\t\t<div id=\"timeline-item-7787\" class=\"timeline-header\" style=\"\"><h3 class=\"ult-timeline-title ult-responsive\"  data-ultimate-target='#timeline-item-7787 .ult-timeline-title'  data-responsive-json-new='{\"font-size\":\"\",\"line-height\":\"\"}'  style=\"\">2025 -<\/h3><div class=\"ult-responsive timeline-item-spt\"  data-ultimate-target='#timeline-item-7787 .timeline-item-spt'  data-responsive-json-new='{\"font-size\":\"\",\"line-height\":\"\"}'  style=\"\">Irmtraud K\u00f6b<\/div><\/div> <!-- header --><\/div><\/div><\/div><\/div><\/div><\/div><\/div><\/div><\/div><\/section>\n","protected":false},"excerpt":{"rendered":"Chorleiter 1965 - 1976Wolfgang Schw\u00e4rzler, Platz 1976 - 1976Max Giselbrecht, Lingenau 1976 - 1984Wolfgang Schw\u00e4rzler, Platz 1984 - 1988Max Giselbrecht, Lingenau 1988 - 1994Wolfgang Schw\u00e4rzler, Platz - Egg 1994 - 2000Manfred Bischof, Bezau 2000 - 2017Melchior Schw\u00e4rzler, Tannen 2018 - 2025Martina Gell, Banholz Doris dall'Armi, Platz 2025 -Irmtraud K\u00f6b","protected":false},"author":1,"featured_media":0,"parent":0,"menu_order":0,"comment_status":"closed","ping_status":"closed","template":"","meta":{"footnotes":""},"class_list":["post-38","page","type-page","status-publish","hentry"],"_links":{"self":[{"href":"https:\/\/chorgemeinschaft-hittisau.at\/Chor_Hittisau\/wp-json\/wp\/v2\/pages\/38","targetHints":{"allow":["GET"]}}],"collection":[{"href":"https:\/\/chorgemeinschaft-hittisau.at\/Chor_Hittisau\/wp-json\/wp\/v2\/pages"}],"about":[{"href":"https:\/\/chorgemeinschaft-hittisau.at\/Chor_Hittisau\/wp-json\/wp\/v2\/types\/page"}],"author":[{"embeddable":true,"href":"https:\/\/chorgemeinschaft-hittisau.at\/Chor_Hittisau\/wp-json\/wp\/v2\/users\/1"}],"replies":[{"embeddable":true,"href":"https:\/\/chorgemeinschaft-hittisau.at\/Chor_Hittisau\/wp-json\/wp\/v2\/comments?post=38"}],"version-history":[{"count":21,"href":"https:\/\/chorgemeinschaft-hittisau.at\/Chor_Hittisau\/wp-json\/wp\/v2\/pages\/38\/revisions"}],"predecessor-version":[{"id":1554,"href":"https:\/\/chorgemeinschaft-hittisau.at\/Chor_Hittisau\/wp-json\/wp\/v2\/pages\/38\/revisions\/1554"}],"wp:attachment":[{"href":"https:\/\/chorgemeinschaft-hittisau.at\/Chor_Hittisau\/wp-json\/wp\/v2\/media?parent=38"}],"curies":[{"name":"wp","href":"https:\/\/api.w.org\/{rel}","templated":true}]}}

<section class="l-section wpb_row us_custom_04e7aa0a height_medium"><div class="l-section-h i-cf"><div class="g-cols vc_row via_flex valign_top type_default stacking_default"><div class="vc_col-sm-12 wpb_column vc_column_container"><div class="vc_column-inner"><div class="wpb_wrapper"><div class="wpb_text_column"><div class="wpb_wrapper"><h2>Chorleiter</h2>
<hr class="style1" />
</div></div></div></div></div></div></div></section><section class="l-section wpb_row us_custom_1f64da91 height_medium"><div class="l-section-h i-cf"><div class="g-cols vc_row via_flex valign_top type_default stacking_default"><div class="vc_col-sm-12 wpb_column vc_column_container"><div class="vc_column-inner"><div class="wpb_wrapper"><div class="smile-icon-timeline-wrap csstime   "  data-time_sep_bg_color=&quot;#1E73BE&quot;   style=""><div class="timeline-line " style="border-right-color:;"><span></span></div><div class="timeline-wrapper"><div class="timeline-block "><div class="timeline-dot"></div><div class="ult-timeline-arrow"><s></s><l></l></div><div class="timeline-icon-block"><div class="ult-timeline-icon " style="   "><div class="ult-just-icon-wrapper  "><div class="align-icon" style="text-align:center;">
<div class="aio-icon circle "  style="color:#de5034;background:#ffffff;font-size:32px;display:inline-block;">
	<i class="defaults-music"></i>
</div></div></div></div> <!-- icon --></div><div class="timeline-header-block" >
							<div id="timeline-item-4942" class="timeline-header" style=""><h3 class="ult-timeline-title ult-responsive"  data-ultimate-target='#timeline-item-4942 .ult-timeline-title'  data-responsive-json-new='{"font-size":"","line-height":""}'  style="">1965 - 1976</h3><div class="ult-responsive timeline-item-spt"  data-ultimate-target='#timeline-item-4942 .timeline-item-spt'  data-responsive-json-new='{"font-size":"","line-height":""}'  style="">Wolfgang Schwärzler, Platz</div></div> <!-- header --></div></div><div class="timeline-block "><div class="timeline-dot"></div><div class="ult-timeline-arrow"><s></s><l></l></div><div class="timeline-icon-block"><div class="ult-timeline-icon " style="   "><div class="ult-just-icon-wrapper  "><div class="align-icon" style="text-align:center;">
<div class="aio-icon circle "  style="color:#de5034;background:#ffffff;font-size:32px;display:inline-block;">
	<i class="defaults-music"></i>
</div></div></div></div> <!-- icon --></div><div class="timeline-header-block" >
							<div id="timeline-item-3846" class="timeline-header" style=""><h3 class="ult-timeline-title ult-responsive"  data-ultimate-target='#timeline-item-3846 .ult-timeline-title'  data-responsive-json-new='{"font-size":"","line-height":""}'  style="">1976 - 1976</h3><div class="ult-responsive timeline-item-spt"  data-ultimate-target='#timeline-item-3846 .timeline-item-spt'  data-responsive-json-new='{"font-size":"","line-height":""}'  style="">Max Giselbrecht, Lingenau</div></div> <!-- header --></div></div><div class="timeline-block "><div class="timeline-dot"></div><div class="ult-timeline-arrow"><s></s><l></l></div><div class="timeline-icon-block"><div class="ult-timeline-icon " style="   "><div class="ult-just-icon-wrapper  "><div class="align-icon" style="text-align:center;">
<div class="aio-icon circle "  style="color:#de5034;background:#ffffff;font-size:32px;display:inline-block;">
	<i class="defaults-music"></i>
</div></div></div></div> <!-- icon --></div><div class="timeline-header-block" >
							<div id="timeline-item-2714" class="timeline-header" style=""><h3 class="ult-timeline-title ult-responsive"  data-ultimate-target='#timeline-item-2714 .ult-timeline-title'  data-responsive-json-new='{"font-size":"","line-height":""}'  style="">1976 - 1984</h3><div class="ult-responsive timeline-item-spt"  data-ultimate-target='#timeline-item-2714 .timeline-item-spt'  data-responsive-json-new='{"font-size":"","line-height":""}'  style="">Wolfgang Schwärzler, Platz</div></div> <!-- header --></div></div><div class="timeline-block "><div class="timeline-dot"></div><div class="ult-timeline-arrow"><s></s><l></l></div><div class="timeline-icon-block"><div class="ult-timeline-icon " style="   "><div class="ult-just-icon-wrapper  "><div class="align-icon" style="text-align:center;">
<div class="aio-icon circle "  style="color:#de5034;background:#ffffff;font-size:32px;display:inline-block;">
	<i class="defaults-music"></i>
</div></div></div></div> <!-- icon --></div><div class="timeline-header-block" >
							<div id="timeline-item-7080" class="timeline-header" style=""><h3 class="ult-timeline-title ult-responsive"  data-ultimate-target='#timeline-item-7080 .ult-timeline-title'  data-responsive-json-new='{"font-size":"","line-height":""}'  style="">1984 - 1988</h3><div class="ult-responsive timeline-item-spt"  data-ultimate-target='#timeline-item-7080 .timeline-item-spt'  data-responsive-json-new='{"font-size":"","line-height":""}'  style="">Max Giselbrecht, Lingenau</div></div> <!-- header --></div></div><div class="timeline-block "><div class="timeline-dot"></div><div class="ult-timeline-arrow"><s></s><l></l></div><div class="timeline-icon-block"><div class="ult-timeline-icon " style="   "><div class="ult-just-icon-wrapper  "><div class="align-icon" style="text-align:center;">
<div class="aio-icon circle "  style="color:#de5034;background:#ffffff;font-size:32px;display:inline-block;">
	<i class="defaults-music"></i>
</div></div></div></div> <!-- icon --></div><div class="timeline-header-block" >
							<div id="timeline-item-5755" class="timeline-header" style=""><h3 class="ult-timeline-title ult-responsive"  data-ultimate-target='#timeline-item-5755 .ult-timeline-title'  data-responsive-json-new='{"font-size":"","line-height":""}'  style="">1988 - 1994</h3><div class="ult-responsive timeline-item-spt"  data-ultimate-target='#timeline-item-5755 .timeline-item-spt'  data-responsive-json-new='{"font-size":"","line-height":""}'  style="">Wolfgang Schwärzler, Platz &#8211; Egg</div></div> <!-- header --></div></div><div class="timeline-block "><div class="timeline-dot"></div><div class="ult-timeline-arrow"><s></s><l></l></div><div class="timeline-icon-block"><div class="ult-timeline-icon " style="   "><div class="ult-just-icon-wrapper  "><div class="align-icon" style="text-align:center;">
<div class="aio-icon circle "  style="color:#de5034;background:#ffffff;font-size:32px;display:inline-block;">
	<i class="defaults-music"></i>
</div></div></div></div> <!-- icon --></div><div class="timeline-header-block" >
							<div id="timeline-item-7841" class="timeline-header" style=""><h3 class="ult-timeline-title ult-responsive"  data-ultimate-target='#timeline-item-7841 .ult-timeline-title'  data-responsive-json-new='{"font-size":"","line-height":""}'  style="">1994 - 2000</h3><div class="ult-responsive timeline-item-spt"  data-ultimate-target='#timeline-item-7841 .timeline-item-spt'  data-responsive-json-new='{"font-size":"","line-height":""}'  style="">Manfred Bischof, Bezau</div></div> <!-- header --></div></div><div class="timeline-block "><div class="timeline-dot"></div><div class="ult-timeline-arrow"><s></s><l></l></div><div class="timeline-icon-block"><div class="ult-timeline-icon " style="   "><div class="ult-just-icon-wrapper  "><div class="align-icon" style="text-align:center;">
<div class="aio-icon circle "  style="color:#de5034;background:#ffffff;font-size:32px;display:inline-block;">
	<i class="defaults-music"></i>
</div></div></div></div> <!-- icon --></div><div class="timeline-header-block" >
							<div id="timeline-item-6213" class="timeline-header" style=""><h3 class="ult-timeline-title ult-responsive"  data-ultimate-target='#timeline-item-6213 .ult-timeline-title'  data-responsive-json-new='{"font-size":"","line-height":""}'  style="">2000 - 2017</h3><div class="ult-responsive timeline-item-spt"  data-ultimate-target='#timeline-item-6213 .timeline-item-spt'  data-responsive-json-new='{"font-size":"","line-height":""}'  style="">Melchior Schwärzler, Tannen</div></div> <!-- header --></div></div><div class="timeline-block "><div class="timeline-dot"></div><div class="ult-timeline-arrow"><s></s><l></l></div><div class="timeline-icon-block"><div class="ult-timeline-icon " style="   "><div class="ult-just-icon-wrapper  "><div class="align-icon" style="text-align:center;">
<div class="aio-icon circle "  style="color:#de5034;background:#ffffff;font-size:32px;display:inline-block;">
	<i class="defaults-music"></i>
</div></div></div></div> <!-- icon --></div><div class="timeline-header-block" >
							<div id="timeline-item-9636" class="timeline-header" style=""><h3 class="ult-timeline-title ult-responsive"  data-ultimate-target='#timeline-item-9636 .ult-timeline-title'  data-responsive-json-new='{"font-size":"","line-height":""}'  style="">2018 - 2025</h3><div class="ult-responsive timeline-item-spt"  data-ultimate-target='#timeline-item-9636 .timeline-item-spt'  data-responsive-json-new='{"font-size":"","line-height":""}'  style="">Martina Gell, Banholz</p>
<p>Doris dall&#8217;Armi, Platz</div></div> <!-- header --></div></div><div class="timeline-block "><div class="timeline-dot"></div><div class="ult-timeline-arrow"><s></s><l></l></div><div class="timeline-icon-block"><div class="ult-timeline-icon " style="   "><div class="ult-just-icon-wrapper  "><div class="align-icon" style="text-align:center;">
<div class="aio-icon circle "  style="color:#de5034;background:#ffffff;font-size:32px;display:inline-block;">
	<i class="defaults-music"></i>
</div></div></div></div> <!-- icon --></div><div class="timeline-header-block" >
							<div id="timeline-item-7787" class="timeline-header" style=""><h3 class="ult-timeline-title ult-responsive"  data-ultimate-target='#timeline-item-7787 .ult-timeline-title'  data-responsive-json-new='{"font-size":"","line-height":""}'  style="">2025 -</h3><div class="ult-responsive timeline-item-spt"  data-ultimate-target='#timeline-item-7787 .timeline-item-spt'  data-responsive-json-new='{"font-size":"","line-height":""}'  style="">Irmtraud Köb</div></div> <!-- header --></div></div></div></div></div></div></div></div></div></section>

Chorleiter 1965 - 1976Wolfgang Schwärzler, Platz 1976 - 1976Max Giselbrecht, Lingenau 1976 - 1984Wolfgang Schwärzler, Platz 1984 - 1988Max Giselbrecht, Lingenau 1988 - 1994Wolfgang Schwärzler, Platz - Egg 1994 - 2000Manfred Bischof, Bezau 2000 - 2017Melchior Schwärzler, Tannen 2018 - 2025Martina Gell, Banholz Doris dall'Armi, Platz 2025 -Irmtraud Köb
